/2*1*i. Let s = o - -11. What is the highest common factor of 10 and s?
10
Let r(l) = l + 6. Suppose 4*o + 4 = 3*o. Let q be r(o). Suppose s + 25 = 5*g + 6*s, -q*s = -4*g + 32. What is the highest common factor of 1 and g?
1
Let g = 45 - 9. Suppose 0 = 3*n - 3*x - 2*x - 59, 31 = 2*n - 5*x. Suppose -p + 3*p = -4*w + n, 2*p - g = -2*w. What is the highest common factor of p and 176?
22
Let s(z) = 2*z**2 - 8*z. Let c be s(6). Calculate the highest common divisor of 15 and c.
3
Let h be (-1526)/(-18) - 2/(-9). Let d(v) = 2*v**2 - 2*v + 6. Let z be d(5). Let y = z + -29. What is the highest common factor of y and h?
17
Suppose v - 10 - 1 = -2*y, 0 = -5*y. Let h(j) = 6*j - 9. Let t be h(v). Suppose 5*p - 14*p = -342. Calculate the greatest common factor of p and t.
19
Let t = 390 - 346. Calculate the greatest common factor of 572 and t.
44
Suppose 0 = -303*n + 306*n - 4761. What is the greatest common divisor of n and 69?
69
Let o(j) = 6*j**2 - 6*j - 21. Let h be o(-3). Calculate the highest common divisor of h and 1275.
51
Let y be (-16 + 38)/((-7)/(-21)). What is the highest common divisor of 1650 and y?
66
Let m = 1278 + -548. What is the greatest common factor of m and 10?
10
Let q(x) = -x**3 - 10*x**2 + 13*x - 15. Let h be q(-12). Let k be -5*(0 - h/15). Suppose 0 = -3*y - 2*y + 130. Calculate the highest common divisor of k and y.
13
Suppose -21 = 8*q - 117. What is the greatest common divisor of 348 and q?
12
Suppose 8*z - 3*z - 34 = -2*j, -4*j = -5*z - 98. Let f = -9 - -11. Suppose -2*u - 5*x = -37 + 10, -x = f*u - 23. What is the greatest common factor of j and u?
11
Suppose 11 = 3*m - i, -1 = -m + 4*i - 5*i. Suppose -3*g + 4*l + 275 = 0, 5*g + 90 = 6*g - m*l. Calculate the highest common factor of g and 31.
31
Let s = 12374 - 12075. Let r(d) = 2*d + 3. Let w be r(5). What is the greatest common factor of s and w?
13
Let k = 4 + 8. Suppose 4*f - 57 = 3*y, f - k - 6 = 2*y. Calculate the highest common divisor of 48 and f.
12
Suppose 2*u = -2*u. Suppose -4*l = 4*y, 0 = -u*l + 3*l - 5*y - 16. What is the highest common factor of l and 3?
1
Let i(x) = x**3 - 19*x**2 - 64*x - 23. Let g be i(22). Calculate the highest common factor of g and 119.
7
Let m = -376 - -416. Let k be (-296)/(-6) - 2/(-3). Calculate the greatest common divisor of m and k.
10
Suppose 4*n + 48 = 8*n. Suppose -n = -4*b + 4. Let i be 44/33*6/b. Calculate the greatest common divisor of 14 and i.
2
Let x = 176 + -168. What is the highest common factor of x and 64?
8
Let o = -336 - -536. What is the greatest common factor of o and 25?
25
Let s be 142*2 - (10 - 52/4). Calculate the greatest common factor of s and 41.
41
Let k(q) = -q**2 - 5*q + 5. Let y be k(-6). Let n be (y - 0) + 25 + -3. Suppose 7*c + 14 = 9*c. Calculate the highest common divisor of n and c.
7
Let u be (-2181)/(-12) - 2/(-8). Let n be 4/(-3)*((-1122)/44 + 6). Calculate the highest common divisor of n and u.
26
Suppose 0 = 4*q - 3*b - 150, 0*q - 3*b - 111 = -3*q. Suppose -3*j + 0*g + q = g, 5*j - g = 73. Calculate the highest common divisor of 28 and j.
14
Suppose 4*d = -3*t - 0 - 6, 5*d + 21 = 3*t. Let h(r) = 9*r - 1. Let j be h(t). Calculate the highest common factor of j and 17.
17
Suppose 5*m - 17 = 23. Suppose -3*b + o = -0*o + 28, -o = -4*b - 37. Let f(j) = j**2 + 8*j - 1. Let z be f(b). Calculate the highest common factor of m and z.
8
Suppose 75 = -0*o + 3*o. Let a = -227 + o. Let t be (-2)/8 + a/(-8). Calculate the highest common divisor of t and 5.
5
Suppose 4*l - 3*l = -o - 8, -8 = -3*o + 5*l. Let q be 10/o*66/(-5). Let m be (-8)/44 + 336/q. Calculate the greatest common divisor of m and 10.
10
Suppose 5*b - 4*m = 2, -5*m - 4 = -3*b + 5. Let y = 0 - b. Suppose -2*x - 2*n = 3*x - 14, -2 = y*x - 3*n. Calculate the greatest common factor of 1 and x.
1
Let w(q) = -3*q**3 - 2*q**2 - 4*q - 3. Let v be w(-2). Let t = -18 - -19. Suppose -4*n + 13 = t. Calculate the greatest common factor of v and n.
3
Let i = -10 - -13. Suppose 5 = v - 3*d - 2, 5*v + i*d = 35. Let f = -5 + v. What is the highest common factor of f and 2?
2
Let z be 112/32*(-204)/(-42). What is the highest common factor of 170 and z?
17
Let w be 12/9*9/6. Suppose -t = w*l - 7 - 13, -5 = l. Calculate the highest common factor of t and 6.
6
Let n be (31/(-6) - -5) + 271/6. Suppose 0 = -6*q - 9*q + n. Suppose 0 = -3*a + 34 + 29. What is the highest common factor of a and q?
3
Suppose 0 = l + 5, 0 = -2*p + 3*l + 21. Let q be p/(6/136) - -2. Let w = 173 + -163. Calculate the highest common divisor of w and q.
10
Suppose 282 = 7*h - 768. Suppose -32*f + 29*f + h = 0. What is the highest common factor of 20 and f?
10
Suppose 3*j = 17*j - 224. What is the greatest common divisor of j and 6?
2
Let c = -26 - -16. Suppose -28*i - 125 = -33*i. Let n = i - c. What is the highest common divisor of 7 and n?
7
Let a be 9 + -6 + 50*1. Let i = -45 + a. Let k(f) = -f + 12. Let r be k(0). What is the greatest common factor of i and r?
4
Suppose 5*g + 80 = 5*d, -2*g + 5*d = -3*g - 10. Let z = g - -22. Suppose -2*c + 231 = c. Calculate the greatest common divisor of c and z.
7
Let s = 91 + -64. Let x(r) = 18*r - 5 - s*r + 18*r. Let o be x(3). What is the greatest common factor of o and 132?
22
Suppose c = 3*m + 55, -2*c - 3*m + m = -78. Let i = c - 11. Suppose 47*x - 64*x = -31*x + 56. Calculate the greatest common divisor of x and i.
4
Let z be ((-1)/4)/(10/(-40)). Let n = 3 - z. Suppose 3*x + n*x - 50 = 0. What is the greatest common divisor of x and 20?
10
Suppose 0 = -2*f + 4*f + 120. Let h be 3154/30 + 8/f. Let d be (-6)/(-10) + (-414)/(-10). What is the highest common factor of h and d?
21
Let h(m) = m + 5. Let n be h(17). Let o = 6 - n. Let t = 24 - o. Calculate the highest common divisor of 60 and t.
20
Suppose 0 = -n + 18 - 60. Suppose -g = 38 - 40. Let c be (4/(-6))/(g/n). Calculate the highest common divisor of c and 70.
14
Suppose -41*d + 6725 + 8158 = 0. Calculate the greatest common factor of d and 231.
33
Let i be 3 + (1/8 - 17706/(-48)). Calculate the highest common divisor of 8 and i.
4
Suppose -a - a = -94. Suppose -g + 5*g - 3*u = a, 22 = 2*g - 2*u. What is the highest common factor of 112 and g?
14
Let q(i) = -i**3 - 7*i**2 - 4*i + 6. Let y be q(-7). What is the highest common factor of 51 and y?
17
Let z = -356 - -365. Let k(c) be the first derivative of -c**4/4 - 2*c**3 + 7*c**2/2 + 6*c - 2. Let s be k(-7). What is the greatest common factor of z and s?
3
Suppose 137*i = 140*i - 45. What is the highest common divisor of 9 and i?
3
Let u be -23*(-3)/(-6)*-2. Let w = 294 - 150. Let h = 328 - w. Calculate the highest common divisor of h and u.
23
Suppose -2700 = -701*q + 696*q. What is the greatest common divisor of q and 20?
20
Let g = 506 + -470. What is the greatest common divisor of g and 12?
12
Suppose -5*x - 6 = -4*n + 24, -25 = -3*n + 5*x. Suppose -n*j - 26 = -2*u, 2*u - 4*j - 29 + 1 = 0. Calculate the greatest common divisor of 45 and u.
9
Let x(v) = v**3 - 34*v**2 - 29*v - 174. Let i be x(35). Calculate the greatest common divisor of 112 and i.
4
Let i(m) = -516 - 545 - 9*m + 1128. Let l be i(5). Calculate the greatest common divisor of l and 110.
22
Let v(a) = a - 1. Let d(j) = 12*j - 10. Let u(x) = -d(x) + 10*v(x). Suppose 0 = -8*f + 5*f - 15. Let b be u(f). What is the highest common divisor of 20 and b?
10
Suppose 16 = -2*r + 2*i, r = -i - 20 + 4. Let p be -1 - 3/(r/8) - -12. What is the greatest common factor of p and 65?
13
Suppose -3*x + 4*f = 1, -6*f + 6 = x - f. Suppose 3*w + 19 = -4*h + 76, 12 = 2*h - 4*w. Let u = h - x. Calculate the greatest common divisor of 55 and u.
11
Let m(d) = 29*d - 52. Let t be m(13). Calculate the greatest common factor of t and 25.
25
Let x = -461 - -477. Suppose 3*d + 3 = 2*y, -3*d = -4*y - 8*d + 17. Let a(l) = 14*l**2 + 2*l - 4. Let n be a(y). What is the highest common factor of n and x?
16
Let p be 179/3 + 2/6. Let k be (-112)/(-24)*(-72)/(-14). Let b = p - k. Calculate the greatest common divisor of b and 4.
4
Let d(p) = -p**2 + 27*p - 23. Let j be d(17). Calculate the highest common factor of 21 and j.
21
Let n = -7 + 25. Let y = 32 - 32. Suppose -5*g + y = -2*d + 22, -3*g + 12 = 3*d. Calculate the highest common factor of d and n.
6
Suppose 550 = 5*a + 300. Calculate the highest commo